64688.
4976
What is the greatest common factor of 1288931 and 3437?
7
What is the highest common divisor of 44385726 and 66?
66
Calculate the greatest common factor of 147 and 15819307.
49
What is the greatest common divisor of 66980160 and 23400?
4680
Calculate the highest common divisor of 11382816 and 384.
96
What is the highest common factor of 1590 and 7489695?
795
Calculate the highest common factor of 489 and 9851883.
489
What is the highest common divisor of 1782 and 9470142?
594
Calculate the greatest common factor of 25 and 58475.
25
What is the greatest common divisor of 159080 and 206610?
970
What is the greatest common factor of 14300066 and 16698?
506
Calculate the greatest common divisor of 25 and 1821775.
25
Calculate the highest common divisor of 421625 and 23611.
3373
What is the highest common factor of 138255 and 46605?
195
Calculate the highest common divisor of 20 and 1205320060.
20
What is the greatest common factor of 20 and 17552888?
4
What is the highest common factor of 57045 and 11805?
15
Calculate the greatest common divisor of 4050 and 183275.
25
What is the greatest common divisor of 155 and 151705?
5
What is the highest common factor of 227012 and 795644?
2204
What is the highest common factor of 385056 and 159485?
191
Calculate the greatest common divisor of 46 and 13264997.
23
Calculate the greatest common factor of 9412 and 114673.
13
Calculate the highest common divisor of 6034775 and 1075.
25
Calculate the highest common divisor of 447632571 and 57.
57
What is the greatest common factor of 4463510 and 32970?
1570
What is the highest common divisor of 4246743 and 483?
69
Calculate the greatest common factor of 243 and 181407519.
243
What is the greatest common factor of 2882190864 and 6384?
6384
What is the highest common factor of 123 and 21801422?
41
Calculate the highest common factor of 6376 and 1976.
8
What is the greatest common divisor of 4888 and 18442988?
188
Calculate the greatest common factor of 27973774 and 18.
2
What is the greatest common divisor of 125071044 and 8844?
804
Calculate the highest common factor of 1095011 and 261.
29
Calculate the greatest common divisor of 3440 and 816613.
43
Calculate the greatest common factor of 424 and 14834952.
8
What is the highest common divisor of 44081092 and 34254?
3806
Calculate the highest common divisor of 259 and 274316.
7
Calculate the greatest common divisor of 2255 and 9998219.
451
What is the greatest common divisor of 54972160 and 4736?
128
What is the highest common divisor of 318 and 2793246?
6
Calculate the highest common divisor of 261 and 9063051.
87
Calculate the highest common factor of 238266 and 1927890.
558
What is the greatest common factor of 149265780 and 20?
20
What is the greatest common factor of 10 and 67654330?
10
Calculate the highest common divisor of 559278395 and 2470.
1235
What is the highest common factor of 36180 and 57735?
45
Calculate the highest common divisor of 238320 and 12384.
144
Calculate the greatest common factor of 212352122 and 1009.
1009
What is the greatest common divisor of 51080679 and 27?
27
What is the highest common factor of 1443504 and 176?
16
Calculate the highest common divisor of 6 and 294491166.
6
What is the greatest common factor of 745878 and 118293?
903
What is the highest common factor of 7959 and 55902?
21
Calculate the greatest common factor of 6672 and 128256.
48
Calculate the greatest common factor of 5384205 and 140.
5
Calculate the highest common factor of 44330 and 512270.
110
What is the highest common factor of 11448 and 351864?
216
Calculate the greatest common divisor of 162695522 and 20658.
6886
Calculate the greatest common factor of 15072 and 7386222.
942
What is the highest common factor of 1056595056 and 88?
88
What is the greatest common divisor of 1011165786 and 19944?
4986
What is the highest common factor of 18812937 and 858?
429
What is the highest common factor of 90 and 25211934?
18
What is the highest common factor of 1355 and 2105941?
271
Calculate the highest common divisor of 2925 and 943575.
75
What is the highest common factor of 20651796 and 6034?
862
What is the highest common factor of 972451254 and 4614?
4614
What is the greatest common factor of 41 and 21667885?
41
Calculate the highest common factor of 1207 and 3579469.
17
What is the highest common factor of 201886893 and 85514?
3887
Calculate the greatest common factor of 56038753 and 436.
109
Calculate the greatest common divisor of 4377165 and 390.
195
What is the highest common factor of 335939625 and 3375?
1125
What is the highest common divisor of 552 and 80270724?
12
Calculate the highest common divisor of 44238481 and 63539.
2191
Calculate the greatest common factor of 2297618451 and 28206.
14103
Calculate the highest common factor of 1038151 and 667.
23
What is the highest common divisor of 1183035513 and 20691?
6897
Calculate the greatest common divisor of 228373 and 6537841.
5311
Calculate the highest common factor of 17954576 and 33233.
199
What is the highest common factor of 31860 and 146340?
540
What is the greatest common divisor of 180381410 and 8300?
830
What is the greatest common factor of 5224 and 871576?
8
Calculate the highest common divisor of 91011 and 26703.
69
Calculate the highest common divisor of 3760 and 3986117.
47
Calculate the highest common divisor of 2259 and 8098479.
9
Calculate the greatest common divisor of 52 and 11320088.
52
What is the highest common factor of 1400672 and 167832?
2072
What is the greatest common factor of 210453744 and 1095?
219
Calculate the greatest common divisor of 92541 and 10967382.
849
Calculate the greatest common divisor of 55040030 and 50.
10
Calculate the greatest common divisor of 58327 and 444278.
1241
What is the highest common divisor of 60713 and 106387?
557
Calculate the greatest common divisor of 3319936 and 32.
32
What is the greatest common divisor of 279863422 and 43885?
8777
Calculate the greatest common factor of 2232 and 356922.
18
What is the greatest common factor of 24929954 and 42?
14
Calculate the greatest common divisor of 10761 and 56610.
51
What is the greatest common factor of 981737 and 186715?
349
Calculate the highest common divisor of 14010122 and 574.
14
Calculate the greatest common divisor of 123 and 59865.
3
What is the greatest common factor of 474661 and 880?
11
Calculate the greatest common divisor of 52084 and 2978358.
58
Calculate the highest common factor of 184316 and 5900.
236
What is the greatest common divisor of 47568744 and 8?
8
Calculate the greatest common factor of 27088 and 3497904.
16
What is the greatest common divisor of 10 and 132442?
2
What is the greatest common factor of 677224061 and 37?
37
Calculate the greatest common factor of 11338946 and 1474.
134
What is the highest common divisor of 27170 and 115330?
190
Calculate the greatest common factor of 356425 and 19099.
269
What is the greatest common factor of 380 and 1112324030?
190
Calculate the highest common factor of 133939 and 79859.
13
What is the greatest common divisor of 1615554719 and 67?
67
What is the highest common divisor of 216 and 1925667?
27
What is the greatest common factor of 3181654 and 4508?
14
What is the greatest common factor of 3 and 306701?
1
What is the highest common divisor of 1606045 and 295?
5
What is the highest common factor of 10476 and 5919768?
36
Calculate the highest common factor of 1623300 and 2608200.
2100
Calculate the greatest common factor of 50 and 8297050.
50
Calculate the highest common factor of 65340 and 33760.
20
Calculate the highest common divisor of 266438 and 213312.
202
Calculate the highest common factor of 384866179 and 136.
17
What is the greatest common factor of 220832 and 10208656?
1072
What is the highest common divisor of 536388 and 1104?
12
Calculate the greatest common divisor of 387 and 114163839.
387
Calculate the highest common factor of 85260 and 2520.
420
What is the greatest common divisor of 90892 and 80?
4
Calculate the highest common divisor of 157196804 and 1212.
404
Calculate the greatest common divisor of 18057 and 299507.
13
What is the highest common divisor of 34 and 34818958?
34
Calculate the highest common divisor of 403733 and 3.
1
What is the g